Dec 01 17:03:56.912 INFO testing fuchsnj/google-jwt-verify against master#8940af3cea4a9a9deabcaf843b2f8cad9a83fc61 for beta-1.31-5
Dec 01 17:03:56.913 INFO running `"docker" "create" "-v" "/mnt/big/crater/work/local/target-dirs/beta-1.31-5/worker-2/master#8940af3cea4a9a9deabcaf843b2f8cad9a83fc61:/target:rw,Z" "-v" "/mnt/big/crater/work/local/test-source/worker-2/beta-1.31-5/master#8940af3cea4a9a9deabcaf843b2f8cad9a83fc61:/source:ro,Z" "-v" "/mnt/big/crater/work/local/cargo-home:/cargo-home:ro,Z" "-v" "/mnt/big/crater/work/local/rustup-home:/rustup-home:ro,Z" "-e" "USER_ID=1000" "-e" "SOURCE_DIR=/source" "-e" "USER_ID=1000" "-e" "CMD=cargo +8940af3cea4a9a9deabcaf843b2f8cad9a83fc61-alt build --frozen" "-e" "CARGO_TARGET_DIR=/target" "-e" "CARGO_INCREMENTAL=0" "-e" "RUST_BACKTRACE=full" "-e" "RUSTFLAGS=--cap-lints=warn" "-e" "CARGO_HOME=/cargo-home" "-e" "RUSTUP_HOME=/rustup-home" "-m" "1536M" "--network" "none" "crater"`
Dec 01 17:03:57.339 INFO [stdout] 653285fcb0fb41590c126871447cdd890d3e3cd4cd02e764d3e41e7350301c45
Dec 01 17:03:57.343 INFO running `"docker" "start" "-a" "653285fcb0fb41590c126871447cdd890d3e3cd4cd02e764d3e41e7350301c45"`
Dec 01 17:03:58.354 INFO [stderr] usermod: no changes
Dec 01 17:03:58.641 INFO [stderr]    Compiling openssl v0.10.7
Dec 01 17:03:58.641 INFO [stderr]    Compiling serde_urlencoded v0.5.2
Dec 01 17:03:58.656 INFO [stderr]    Compiling tokio-core v0.1.17
Dec 01 17:04:06.195 INFO [stderr]    Compiling tokio-proto v0.1.1
Dec 01 17:04:06.195 INFO [stderr]    Compiling tokio-tls v0.1.4
Dec 01 17:04:13.189 INFO [stderr]    Compiling hyper v0.11.27
Dec 01 17:04:26.789 INFO [stderr]    Compiling hyper-tls v0.1.3
Dec 01 17:04:29.423 INFO [stderr]    Compiling reqwest v0.8.5
Dec 01 17:04:42.331 INFO [stderr]    Compiling google-jwt-verify v0.1.0 (/source)
Dec 01 17:04:48.060 INFO [stderr]     Finished dev [unoptimized + debuginfo] target(s) in 49.68s
Dec 01 17:04:48.079 INFO [stderr] su: No module specific data is present
Dec 01 17:04:48.949 INFO running `"docker" "inspect" "653285fcb0fb41590c126871447cdd890d3e3cd4cd02e764d3e41e7350301c45"`
Dec 01 17:04:49.351 INFO running `"docker" "rm" "-f" "653285fcb0fb41590c126871447cdd890d3e3cd4cd02e764d3e41e7350301c45"`
Dec 01 17:04:49.641 INFO [stdout] 653285fcb0fb41590c126871447cdd890d3e3cd4cd02e764d3e41e7350301c45
Dec 01 17:04:49.647 INFO running `"docker" "create" "-v" "/mnt/big/crater/work/local/target-dirs/beta-1.31-5/worker-2/master#8940af3cea4a9a9deabcaf843b2f8cad9a83fc61:/target:rw,Z" "-v" "/mnt/big/crater/work/local/test-source/worker-2/beta-1.31-5/master#8940af3cea4a9a9deabcaf843b2f8cad9a83fc61:/source:ro,Z" "-v" "/mnt/big/crater/work/local/cargo-home:/cargo-home:ro,Z" "-v" "/mnt/big/crater/work/local/rustup-home:/rustup-home:ro,Z" "-e" "USER_ID=1000" "-e" "SOURCE_DIR=/source" "-e" "USER_ID=1000" "-e" "CMD=cargo +8940af3cea4a9a9deabcaf843b2f8cad9a83fc61-alt test --frozen --no-run" "-e" "CARGO_TARGET_DIR=/target" "-e" "CARGO_INCREMENTAL=0" "-e" "RUST_BACKTRACE=full" "-e" "RUSTFLAGS=--cap-lints=warn" "-e" "CARGO_HOME=/cargo-home" "-e" "RUSTUP_HOME=/rustup-home" "-m" "1536M" "--network" "none" "crater"`
Dec 01 17:04:50.203 INFO [stdout] 5ef5a02986a894b74403180c2922ee12b03e41042cae4af09f32d570f552aeb3
Dec 01 17:04:50.205 INFO running `"docker" "start" "-a" "5ef5a02986a894b74403180c2922ee12b03e41042cae4af09f32d570f552aeb3"`
Dec 01 17:04:51.318 INFO [stderr] usermod: no changes
Dec 01 17:04:51.544 INFO [stderr]    Compiling google-jwt-verify v0.1.0 (/source)
Dec 01 17:05:00.010 INFO [stderr]     Finished dev [unoptimized + debuginfo] target(s) in 8.67s
Dec 01 17:05:00.027 INFO [stderr] su: No module specific data is present
Dec 01 17:05:01.307 INFO running `"docker" "inspect" "5ef5a02986a894b74403180c2922ee12b03e41042cae4af09f32d570f552aeb3"`
Dec 01 17:05:01.636 INFO running `"docker" "rm" "-f" "5ef5a02986a894b74403180c2922ee12b03e41042cae4af09f32d570f552aeb3"`
Dec 01 17:05:01.919 INFO [stdout] 5ef5a02986a894b74403180c2922ee12b03e41042cae4af09f32d570f552aeb3
Dec 01 17:05:01.927 INFO running `"docker" "create" "-v" "/mnt/big/crater/work/local/target-dirs/beta-1.31-5/worker-2/master#8940af3cea4a9a9deabcaf843b2f8cad9a83fc61:/target:rw,Z" "-v" "/mnt/big/crater/work/local/test-source/worker-2/beta-1.31-5/master#8940af3cea4a9a9deabcaf843b2f8cad9a83fc61:/source:ro,Z" "-v" "/mnt/big/crater/work/local/cargo-home:/cargo-home:ro,Z" "-v" "/mnt/big/crater/work/local/rustup-home:/rustup-home:ro,Z" "-e" "USER_ID=1000" "-e" "SOURCE_DIR=/source" "-e" "USER_ID=1000" "-e" "CMD=cargo +8940af3cea4a9a9deabcaf843b2f8cad9a83fc61-alt test --frozen" "-e" "CARGO_TARGET_DIR=/target" "-e" "CARGO_INCREMENTAL=0" "-e" "RUST_BACKTRACE=full" "-e" "RUSTFLAGS=--cap-lints=warn" "-e" "CARGO_HOME=/cargo-home" "-e" "RUSTUP_HOME=/rustup-home" "-m" "1536M" "--network" "none" "crater"`
Dec 01 17:05:02.516 INFO [stdout] 3a67b7af62bc51557f3f4d139d9b495dbaf3aae23bbe884921865220229e7e89
Dec 01 17:05:02.518 INFO running `"docker" "start" "-a" "3a67b7af62bc51557f3f4d139d9b495dbaf3aae23bbe884921865220229e7e89"`
Dec 01 17:05:03.652 INFO [stderr] usermod: no changes
Dec 01 17:05:03.855 INFO [stderr]     Finished dev [unoptimized + debuginfo] target(s) in 0.18s
Dec 01 17:05:03.881 INFO [stderr]      Running /target/debug/deps/google_jwt_verify-ecdcea74a8068f39
Dec 01 17:05:03.890 INFO [stdout] 
Dec 01 17:05:03.891 INFO [stdout] running 5 tests
Dec 01 17:05:03.891 INFO [stdout] test test::decode_keys ... ok
Dec 01 17:05:03.943 INFO [stdout] test test::test_client_invalid_client_id ... ok
Dec 01 17:05:03.943 INFO [stdout] test test::test_client ... ok
Dec 01 17:05:03.943 INFO [stdout] test test::test_id_token ... ok
Dec 01 17:05:04.102 INFO [stdout] test key_provider::test_google_provider ... FAILED
Dec 01 17:05:04.102 INFO [stdout] 
Dec 01 17:05:04.102 INFO [stdout] failures:
Dec 01 17:05:04.102 INFO [stdout] 
Dec 01 17:05:04.102 INFO [stdout] ---- key_provider::test_google_provider stdout ----
Dec 01 17:05:04.102 INFO [stdout] thread 'key_provider::test_google_provider' panicked at 'assertion failed: provider.get_key("test").is_ok()', src/key_provider.rs:60:5
Dec 01 17:05:04.102 INFO [stdout] stack backtrace:
Dec 01 17:05:04.102 INFO [stdout]    0:     0x55881667ec0f - std::sys::unix::backtrace::tracing::imp::unwind_backtrace::h3a8b83e1922cbdde
Dec 01 17:05:04.102 INFO [stdout]                                at libstd/sys/unix/backtrace/tracing/gcc_s.rs:49
Dec 01 17:05:04.102 INFO [stdout]    1:     0x5588166884b7 - std::sys_common::backtrace::print::h00d3155a29b4020f
Dec 01 17:05:04.102 INFO [stdout]                                at libstd/sys_common/backtrace.rs:71
Dec 01 17:05:04.102 INFO [stdout]                                at libstd/sys_common/backtrace.rs:59
Dec 01 17:05:04.102 INFO [stdout]    2:     0x558816682f8f - std::panicking::default_hook::{{closure}}::hd7465c742e79e1bb
Dec 01 17:05:04.102 INFO [stdout]                                at libstd/panicking.rs:211
Dec 01 17:05:04.102 INFO [stdout]    3:     0x558816682c8e - std::panicking::default_hook::h9e3966f2aa2a6e12
Dec 01 17:05:04.102 INFO [stdout]                                at libstd/panicking.rs:221
Dec 01 17:05:04.102 INFO [stdout]    4:     0x55881668366e - std::panicking::rust_panic_with_hook::h587f091ae747d080
Dec 01 17:05:04.102 INFO [stdout]                                at libstd/panicking.rs:476
Dec 01 17:05:04.102 INFO [stdout]    5:     0x5588165afa57 - std::panicking::begin_panic::h7fa6ffe2d69747d7
Dec 01 17:05:04.102 INFO [stdout]                                at libstd/panicking.rs:410
Dec 01 17:05:04.102 INFO [stdout]    6:     0x5588161fb0b2 - google_jwt_verify::key_provider::test_google_provider::hbfb4fdb9763bda75
Dec 01 17:05:04.102 INFO [stdout]                                at src/key_provider.rs:60
Dec 01 17:05:04.102 INFO [stdout]    7:     0x5588161faff9 - google_jwt_verify::key_provider::test_google_provider::{{closure}}::h46326acc201da293
Dec 01 17:05:04.102 INFO [stdout]                                at src/key_provider.rs:58
Dec 01 17:05:04.102 INFO [stdout]    8:     0x558816211ead - core::ops::function::FnOnce::call_once::h2cc29a2944a37879
Dec 01 17:05:04.102 INFO [stdout]                                at libcore/ops/function.rs:238
Dec 01 17:05:04.102 INFO [stdout]    9:     0x55881621d1fe - <F as alloc::boxed::FnBox<A>>::call_box::hac903f91577a156c
Dec 01 17:05:04.102 INFO [stdout]                                at libtest/lib.rs:1468
Dec 01 17:05:04.102 INFO [stdout]                                at libcore/ops/function.rs:238
Dec 01 17:05:04.102 INFO [stdout]                                at liballoc/boxed.rs:672
Dec 01 17:05:04.102 INFO [stdout]   10:     0x558816693469 - __rust_maybe_catch_panic
Dec 01 17:05:04.102 INFO [stdout]                                at libpanic_unwind/lib.rs:102
Dec 01 17:05:04.102 INFO [stdout]   11:     0x55881623ee52 - std::sys_common::backtrace::__rust_begin_short_backtrace::hb8f0d0309526c184
Dec 01 17:05:04.102 INFO [stdout]                                at libstd/panicking.rs:289
Dec 01 17:05:04.102 INFO [stdout]                                at libstd/panic.rs:392
Dec 01 17:05:04.102 INFO [stdout]                                at libtest/lib.rs:1423
Dec 01 17:05:04.102 INFO [stdout]                                at libstd/sys_common/backtrace.rs:136
Dec 01 17:05:04.102 INFO [stdout]   12:     0x55881623f904 - std::panicking::try::do_call::hc2f7c8b9a348d8db
Dec 01 17:05:04.102 INFO [stdout]                                at libstd/thread/mod.rs:409
Dec 01 17:05:04.102 INFO [stdout]                                at libstd/panic.rs:313
Dec 01 17:05:04.102 INFO [stdout]                                at libstd/panicking.rs:310
Dec 01 17:05:04.102 INFO [stdout]   13:     0x558816693469 - __rust_maybe_catch_panic
Dec 01 17:05:04.102 INFO [stdout]                                at libpanic_unwind/lib.rs:102
Dec 01 17:05:04.102 INFO [stdout]   14:     0x55881622cb3c - <F as alloc::boxed::FnBox<A>>::call_box::h6bfded618e480b32
Dec 01 17:05:04.102 INFO [stdout]                                at libstd/panicking.rs:289
Dec 01 17:05:04.102 INFO [stdout]                                at libstd/panic.rs:392
Dec 01 17:05:04.102 INFO [stdout]                                at libstd/thread/mod.rs:408
Dec 01 17:05:04.102 INFO [stdout]                                at liballoc/boxed.rs:672
Dec 01 17:05:04.102 INFO [stdout]   15:     0x558816680c7d - std::sys_common::thread::start_thread::h4c28257d67cdf9cb
Dec 01 17:05:04.102 INFO [stdout]                                at liballoc/boxed.rs:682
Dec 01 17:05:04.102 INFO [stdout]                                at libstd/sys_common/thread.rs:24
Dec 01 17:05:04.102 INFO [stdout]   16:     0x558816673455 - std::sys::unix::thread::Thread::new::thread_start::hfecb2e7eff8fd34f
Dec 01 17:05:04.102 INFO [stdout]                                at libstd/sys/unix/thread.rs:90
Dec 01 17:05:04.102 INFO [stdout]   17:     0x7fadcedd16b9 - start_thread
Dec 01 17:05:04.102 INFO [stdout]   18:     0x7fadce8f141c - clone
Dec 01 17:05:04.102 INFO [stdout]   19:                0x0 - <unknown>
Dec 01 17:05:04.102 INFO [stdout] 
Dec 01 17:05:04.102 INFO [stdout] 
Dec 01 17:05:04.102 INFO [stdout] failures:
Dec 01 17:05:04.102 INFO [stdout]     key_provider::test_google_provider
Dec 01 17:05:04.102 INFO [stdout] 
Dec 01 17:05:04.103 INFO [stdout] test result: FAILED. 4 passed; 1 failed; 0 ignored; 0 measured; 0 filtered out
Dec 01 17:05:04.103 INFO [stdout] 
Dec 01 17:05:04.106 INFO [stderr] error: test failed, to rerun pass '--lib'
Dec 01 17:05:04.108 INFO [stderr] su: No module specific data is present
Dec 01 17:05:04.792 INFO running `"docker" "inspect" "3a67b7af62bc51557f3f4d139d9b495dbaf3aae23bbe884921865220229e7e89"`
Dec 01 17:05:05.093 INFO running `"docker" "rm" "-f" "3a67b7af62bc51557f3f4d139d9b495dbaf3aae23bbe884921865220229e7e89"`
Dec 01 17:05:05.432 INFO [stdout] 3a67b7af62bc51557f3f4d139d9b495dbaf3aae23bbe884921865220229e7e89
